t y = q + -10. Does 9 divide y?
True
Let a(w) = 2*w**3 + w**2 + 2. Does 9 divide a(2)?
False
Let x(i) = 3*i**3 + 27 - 1 - 2*i**3 - i**2 - i. Let d = -3 + 3. Is 13 a factor of x(d)?
True
Suppose -25 = 5*d + 4*q, q - 15 = 3*d + 5*q. Let x(a) = -a + a - 3*a + 3. Is 9 a factor of x(d)?
True
Suppose -9 - 5 = -2*l. Let c be 685/25 + (-6)/(-10). Suppose 3*i - l*i + c = 0. Is i a multiple of 7?
True
Let r = -81 + 147. Does 22 divide r?
True
Let z(y) = 82*y**2 - y - 1. Let d be z(-1). Suppose 30 = 4*b - d. Is b a multiple of 12?
False
Suppose 5 + 2 = r. Does 6 divide r?
False
Let b(h) = 7*h + 7. Is b(3) a multiple of 14?
True
Let k(p) be the second derivative of 2*p**3/3 + 5*p**2/2 - 4*p. Is k(3) a multiple of 17?
True
Suppose 5*p = 7 + 13. Suppose -p*d - 3*z + 13 = -2*d, 4 = -4*z. Is d a multiple of 4?
True
Let g = -88 + 176. Does 44 divide g?
True
Suppose -5*b + 15 = 5. Let q be (-27)/(-6)*2 + b. Is 16 a factor of -72*(3 - q/3)?
True
Let t = 353 + -161. Is t a multiple of 16?
True
Is 20 a factor of 0/(-1) - 1/(5/(-490))?
False
Let o(p) = p**3 + p**2 + 4*p - 3. Does 3 divide o(2)?
False
Let a(w) = w**3 + 11*w**2 + 9*w + 12. Suppose 5*j - 1 = 3*p - 63, -8 = 2*j + 3*p. Is a(j) a multiple of 11?
True
Let o(c) = -28*c. Let f be o(-2). Does 3 divide (6/(-7))/((-8)/f)?
True
Let i = 77 - -222. Is i a multiple of 21?
False
Is 17 a factor of (-6)/(35/(-17) - (-3 + 1))?
True
Let u be (-4)/((-60)/(-51)) + (-4)/(-10). Let c(w) = 2*w - w**2 + 0*w**2 - w**3 + 3 + 0*w. Does 9 divide c(u)?
False
Is (-2)/16*10*-44 a multiple of 11?
True
Suppose -17*r + 265 = -12*r. Is 5 a factor of r?
False
Let u = -13 - -83. Is 10 a factor of u?
True
Let i(c) = -c**3 + 11*c**2 - 9*c - 13. Let k be i(10). Let j be ((-2)/k)/1*36. Suppose -h - 2*l + 3 = -15, -l + j = 2*h. Does 4 divide h?
False
Let l = -5 - -7. Suppose 4*r - 3*t - 46 - 3 = 0, -2*r - l*t + 28 = 0. Does 8 divide r?
False
Let f(x) = x**2 + x. Let l = 9 - 3. Suppose 5*m + 21 = l. Does 6 divide f(m)?
True
Suppose -4 = -2*p + 4. Let y(u) = -5*u**2 + u - 5 - 12*u**3 + 0 + 14*u**3. Is y(p) a multiple of 14?
False
Let s be (-1 - 0)/((-1)/45). Suppose -2*i = -153 + s. Does 13 divide i?
False
Let z(a) be the third derivative of a**5/30 - 5*a**4/24 + 5*a**3/6 + 6*a**2. Is 10 a factor of z(5)?
True
Let l = 43 - 62. Let k = -5 - 6. Let j = k - l. Does 8 divide j?
True
Let p = -45 + 201. Does 12 divide p?
True
Suppose 0 = -5*o + 3*o. Let w = o - 7. Let n = w - -19. Is n a multiple of 6?
True
Suppose -5*o = 2*k - 176, -k + 0*o + 4*o = -62. Is 17 a factor of k?
False
Let u = 47 + 67. Does 11 divide (-6)/15 + u/10?
True
Let x be 1/2*(13 - 3). Suppose -z = x*y + 16, -4*z = 2*y + 6 - 32. Suppose 5*a - 1 - z = 0. Is a even?
True
Let n = 3 + 28. Let b = 51 - n. Does 10 divide b?
True
Let v(g) = -6*g. Let h be v(-3). Suppose 4*z = -2*p - 3*p + h, 0 = -3*p + 3*z. Suppose -p*u + 65 = -11. Is u a multiple of 11?
False
Let g be 5 - (1 + (2 - 1)). Suppose -g*z = -z - 104. Does 13 divide z?
True
Suppose -g = 11*g - 732. Does 7 divide g?
False
Suppose -6 = -2*o - 4*x, -3*x = -8*x. Suppose 0 = -o*u + u + 8. Is u a multiple of 3?
False
Let s = 34 - 18. Let w be 4/(-6) - s/(-6). Suppose 0 = -w*k - 2*k + 88. Does 11 divide k?
True
Let j = 174 + -109. Is 13 a factor of j?
True
Let k = -1 - 1. Let c = 1 + k. Is (3/9 - c)*9 a multiple of 6?
True
Let k(s) = 12*s - 15. Let o(a) = -6*a + 7. Let x(g) = -6*k(g) - 13*o(g). Let y be x(1). Suppose 51 + 131 = y*b - 4*q, 0 = -b - 3*q + 25. Is 13 a factor of b?
False
Suppose -2*f = -4*r - 10, -2*r + f = 3*r + 11. Let j be (r - -1)/((-2)/4). Suppose 0 = -j*s - 3 + 21. Is 5 a factor of s?
False
Suppose -5*y = 5*a - 12 - 3, -4*a = 5*y - 12. Suppose -a - 3 = -2*r. Is 63/r - (-3)/1 a multiple of 12?
True
Suppose 0 = -z + 11 + 19. Is 10 a factor of z?
True
Suppose -t = -0*t - 4. Suppose t*w - v - 18 = 2*w, -v = -w + 9. Is w a multiple of 8?
False
Let h(c) = -c**3 - 13*c**2 + 8. Does 2 divide h(-13)?
True
Let d(i) = -i - 2. Let f be d(-5). Let v(l) = -2*l**2 + 8*l**2 - 6*l + 10 - 4*l**f + 5*l**3. Does 2 divide v(-7)?
False
Let f(q) = -q**3 - 2*q**2 + q - 6. Does 31 divide f(-6)?
False
Let n be (1 + 9/6)*2. Let g be (n - 2)*(-4)/(-6). Suppose -g*s = -13 - 17. Does 15 divide s?
True
Let g(q) = -q**3 - 5*q**2 + 2*q + 2. Let t be g(-4). Let k = t + 39. Is k a multiple of 7?
False
Let p = 15 + -10. Let x(k) = 10*k - 9 - k - 6*k + 2. Is x(p) a multiple of 4?
True
Let y = 1 - -32. Is y a multiple of 13?
False
Let q = 107 - 63. Is q a multiple of 12?
False
Suppose -3*l + 64 = l. Does 16 divide l?
True
Let c = 65 + -44. Is 255/c + (-2)/14 a multiple of 6?
True
Let k be 1 + 3/(-3) + -5. Let o be 65/2*(-4)/k. Suppose 0 = -5*d + 9 + o. Does 5 divide d?
False
Let h(q) = -q**3 + 3*q**2 + 3*q + 5. Let d be h(4). Suppose -3*k + 11 + d = 0. Suppose k*o - 35 = -o. Does 5 divide o?
False
Let h = -5 + -2. Let t = h + 13. Is 3 a factor of t?
True
Let s = -7 - -30. Does 23 divide s?
True
Suppose o = -0*s - 5*s + 34, 17 = 2*s - 3*o. Is 17 a factor of (s/14)/((-2)/(-188))?
False
Let t(f) = -2*f + f + 3 - 6*f + 3*f + f**2. Is 14 a factor of t(7)?
False
Let f(i) = i**2 + 8*i - 5. Let q = -21 - -12. Let j be f(q). Let m(z) = 8*z + 4. Is 18 a factor of m(j)?
True
Suppose -5*j + 125 + 95 = -5*z, 2*j = -3*z + 73. Is j a multiple of 4?
False
Suppose -2 = -3*q - 2*c, -4*q - c = c - 4. Is 8 a factor of (q/5)/((-3)/(-120))?
True
Let g(k) = k + 46. Is 9 a factor of g(-19)?
True
Suppose 0 = -6*f + f - 25, 3*f = -3*a - 6. Suppose -a*d - 20 = -5*m, -d + 19 - 3 = 4*m. Is 4 a factor of m?
True
Let i(p) = p**3 + 5*p**2 + 4*p + 3. Let n be i(-4). Let y = 6 - n. Is (y - 0)/((-3)/(-9)) a multiple of 8?
False
Let k be (-490)/(-20) - (-2)/(-4). Suppose c = -c + k. Is c a multiple of 4?
True
Let o(z) = -z + 63. Let u be o(0). Suppose 0 = -4*h + 7*h - u. Does 7 divide h?
True
Suppose 2*z + 14 = 32. Is z a multiple of 3?
True
Let p = -111 - -191. Is 20 a factor of p?
True
Suppose -242 = -5*z + 398. Is (-6)/(-30) - z/(-10) a multiple of 13?
True
Let r = -146 - -274. Is 16 a factor of r?
True
Suppose 2*h + 5 = -5*z, -4*z + 0*z - 5*h = 4. Is (-1 - z - 3) + 13 a multiple of 3?
False
Let n(s) = -13*s. Let i be n(1). Let v(f) = 19*f**3 + 13*f**2 - 15*f - 11. Let t(b) = -9*b**3 - 6*b**2 + 7*b + 5. Let w(g) = i*t(g) - 6*v(g). Is w(1) even?
False
Let v(a) = -18*a. Is 12 a factor of v(-2)?
True
Let p = 18 - 18. Suppose p = -u - 0 + 5. Does 4 divide u?
False
Suppose 54 = 18*k - 15*k. Is k a multiple of 9?
True
Suppose 5*b + 50 = -2*x, 0*x - 2*x + 14 = -3*b. Let k be (-1)/(-4) + (-38)/b. Suppose k*t = -v + 24, 4*v - 4*t = -0*t + 24. Is v a multiple of 8?
False
Let v(a) = -a**2 + 6*a + 5. Let b be v(6). Suppose 5*l - b*x - 75 = 0, 0*x + x = 4*l - 54. Is 13 a factor of l?
True
Suppose -3*v + 7 = -5, -4*v + 10 = -2*r. Suppose c - 3*q = 3, -6*q = c - 2*q - 3. Suppose -4*m + r*z = -16 - 45, -42 = -c*m + z. Is 9 a factor of m?
False
Suppose a + 0*a = -2, -5*a - 22 = -3*n. Suppose -n*l + 60 = l. Is l a multiple of 5?
False
Let y(f) = 3*f**3 + f**2 - 2*f + 2. Let d be y(1). Let o(c) = c**3 - 4*c**2 + 2*c + 5. Is o(d) a multiple of 12?
False
Let l = -190 - -385. Is 15 a factor of l?
True
Is 2 a factor of -3 + 4 + 4 + 1?
True
Suppose 5*d - 14 = -b, 2*b + 2 = -d + 3*b. Suppose -d*i - 24 = -2*m, -4*m + m - 4*i + 57 = 0. Is m a multiple of 13?
False
Suppose -51 - 104 = -v. Does 12 divide v?
False
Let n = -1 + 3. Suppose n*k = 19 - 1. Does 4 divide k?
False
Let b(c) = 2*c + 2 + 3 - 2. Suppose 0 = 6*n - 2*n - 24. Does 15 divide b(n)?
True
Suppose -4*w + 6 = -6. Suppose 0*q = -w*q + 96. Does 16 divide q?
True
Suppose -13 = -m - 3*i, m = 2*i - 3 + 1. Suppose 5*l - 4*k + 5*k - 18 = 0, 0 = -4*l + m*k + 24. Is 3 a factor of l?
False
Is 20 a factor of -1 + -3 - (-192)/8?
True
Let k(x) = -3*x - 7*x - 4*x - x. Is k(-5) a multiple of 15?
True
Suppose 0*k + 4*k = -4. Let d be 1 + -2 - (k + 1). Let b(q) = 13*q**2 + 1. Is 11 a factor of b(d)?
False
Suppose -5*i - 31 = -4*t, 2*t - 6 - 11 = i. Is t even?
False
Suppose 2*r = r - 2, 2*g - 4*r = 120. Does 5 divide g?
False
Let o(s) = -s + 4. Let x be o(2). Suppose x*d - 1 = 5. Let m(c) = 2*c**3 - 4*c**2 + c. Does 7 divide m(d)?
True
Let o be 192/(-33) + 2/(-11). Let k be 44/6 - 4/o. Suppose p + k = 3*p. Does 4 divide p?
True
Let r(k) = 2*k**2 - 2*k + 1. Let l 